[INFO] cloning repository https://github.com/Undin/rust-leaflet-features
[INFO] running `Command { std: "git" "-c" "credential.helper=" "-c" "credential.helper=/workspace/cargo-home/bin/git-credential-null" "clone" "--bare" "https://github.com/Undin/rust-leaflet-features" "/workspace/cache/git-repos/https%3A%2F%2Fgithub.com%2FUndin%2Frust-leaflet-features", kill_on_drop: false }`
[INFO] [stderr] Cloning into bare repository '/workspace/cache/git-repos/https%3A%2F%2Fgithub.com%2FUndin%2Frust-leaflet-features'...
[INFO] running `Command { std: "git" "rev-parse" "HEAD", kill_on_drop: false }`
[INFO] [stdout] 75b35ff51889e5776b3cbbf85937043c5cca8780
[INFO] checking Undin/rust-leaflet-features against master#e6e4f7ed1589e03bc2f6c5931c1a72e7947e8682 for beta-170-4
[INFO] running `Command { std: "git" "clone" "/workspace/cache/git-repos/https%3A%2F%2Fgithub.com%2FUndin%2Frust-leaflet-features" "/workspace/builds/worker-6-tc2/source", kill_on_drop: false }`
[INFO] [stderr] Cloning into '/workspace/builds/worker-6-tc2/source'...
[INFO] [stderr] done.
[INFO] validating manifest of git repo https://github.com/Undin/rust-leaflet-features on toolchain e6e4f7ed1589e03bc2f6c5931c1a72e7947e8682
[INFO] running `Command { std: CARGO_HOME="/workspace/cargo-home" RUSTUP_HOME="/workspace/rustup-home" "/workspace/cargo-home/bin/cargo" "+e6e4f7ed1589e03bc2f6c5931c1a72e7947e8682" "metadata" "--manifest-path" "Cargo.toml" "--no-deps", kill_on_drop: false }`
[INFO] started tweaking git repo https://github.com/Undin/rust-leaflet-features
[INFO] finished tweaking git repo https://github.com/Undin/rust-leaflet-features
[INFO] tweaked toml for git repo https://github.com/Undin/rust-leaflet-features written to /workspace/builds/worker-6-tc2/source/Cargo.toml
[INFO] crate git repo https://github.com/Undin/rust-leaflet-features already has a lockfile, it will not be regenerated
[INFO] running `Command { std: CARGO_HOME="/workspace/cargo-home" RUSTUP_HOME="/workspace/rustup-home" "/workspace/cargo-home/bin/cargo" "+e6e4f7ed1589e03bc2f6c5931c1a72e7947e8682" "fetch" "--manifest-path" "Cargo.toml", kill_on_drop: false }`
[INFO] running `Command { std: "docker" "create" "-v" "/var/lib/crater-agent-workspace/builds/worker-6-tc2/target:/opt/rustwide/target:rw,Z" "-v" "/var/lib/crater-agent-workspace/builds/worker-6-tc2/source:/opt/rustwide/workdir:ro,Z" "-v" "/var/lib/crater-agent-workspace/cargo-home:/opt/rustwide/cargo-home:ro,Z" "-v" "/var/lib/crater-agent-workspace/rustup-home:/opt/rustwide/rustup-home:ro,Z" "-e" "SOURCE_DIR=/opt/rustwide/workdir" "-e" "CARGO_TARGET_DIR=/opt/rustwide/target" "-e" "CARGO_HOME=/opt/rustwide/cargo-home" "-e" "RUSTUP_HOME=/opt/rustwide/rustup-home" "-w" "/opt/rustwide/workdir" "-m" "1610612736" "--user" "0:0" "--network" "none" "ghcr.io/rust-lang/crates-build-env/linux@sha256:19e73879b68f455e41552ea35293514db52ea292d993f571636dbffedb77a1ee" "/opt/rustwide/cargo-home/bin/cargo" "+e6e4f7ed1589e03bc2f6c5931c1a72e7947e8682" "metadata" "--no-deps" "--format-version=1", kill_on_drop: false }`
[INFO] [stdout] 25fbf7462a8d8c57e61551e1bd39b0d9109dbafa8e90e97d6b7ca7ffa46dd68b
[INFO] running `Command { std: "docker" "start" "-a" "25fbf7462a8d8c57e61551e1bd39b0d9109dbafa8e90e97d6b7ca7ffa46dd68b", kill_on_drop: false }`
[INFO] running `Command { std: "docker" "inspect" "25fbf7462a8d8c57e61551e1bd39b0d9109dbafa8e90e97d6b7ca7ffa46dd68b", kill_on_drop: false }`
[INFO] running `Command { std: "docker" "rm" "-f" "25fbf7462a8d8c57e61551e1bd39b0d9109dbafa8e90e97d6b7ca7ffa46dd68b", kill_on_drop: false }`
[INFO] [stdout] 25fbf7462a8d8c57e61551e1bd39b0d9109dbafa8e90e97d6b7ca7ffa46dd68b
[INFO] running `Command { std: "docker" "create" "-v" "/var/lib/crater-agent-workspace/builds/worker-6-tc2/target:/opt/rustwide/target:rw,Z" "-v" "/var/lib/crater-agent-workspace/builds/worker-6-tc2/source:/opt/rustwide/workdir:ro,Z" "-v" "/var/lib/crater-agent-workspace/cargo-home:/opt/rustwide/cargo-home:ro,Z" "-v" "/var/lib/crater-agent-workspace/rustup-home:/opt/rustwide/rustup-home:ro,Z" "-e" "SOURCE_DIR=/opt/rustwide/workdir" "-e" "CARGO_TARGET_DIR=/opt/rustwide/target" "-e" "CARGO_INCREMENTAL=0" "-e" "RUST_BACKTRACE=full" "-e" "RUSTFLAGS=--cap-lints=forbid" "-e" "RUSTDOCFLAGS=--cap-lints=forbid" "-e" "CARGO_HOME=/opt/rustwide/cargo-home" "-e" "RUSTUP_HOME=/opt/rustwide/rustup-home" "-w" "/opt/rustwide/workdir" "-m" "1610612736" "--user" "0:0" "--network" "none" "ghcr.io/rust-lang/crates-build-env/linux@sha256:19e73879b68f455e41552ea35293514db52ea292d993f571636dbffedb77a1ee" "/opt/rustwide/cargo-home/bin/cargo" "+e6e4f7ed1589e03bc2f6c5931c1a72e7947e8682" "check" "--frozen" "--all" "--all-targets" "--message-format=json", kill_on_drop: false }`
[INFO] [stdout] 3b6d212ebbfd55f16b94a5798e9f0ac5d06fa4d500185af248f8f83795714cdb
[INFO] running `Command { std: "docker" "start" "-a" "3b6d212ebbfd55f16b94a5798e9f0ac5d06fa4d500185af248f8f83795714cdb", kill_on_drop: false }`
[INFO] [stderr]    Compiling proc-macro2 v0.3.8
[INFO] [stderr]     Checking byteorder v1.2.7
[INFO] [stderr]    Compiling quote v0.5.2
[INFO] [stderr]    Compiling syn v0.13.11
[INFO] [stderr]    Compiling diesel_derives v1.3.0
[INFO] [stderr]     Checking diesel v1.3.3
[INFO] [stderr]     Checking rust-leaflet-features v0.1.0 (/opt/rustwide/workdir)
[INFO] [stdout] error[E0601]: `main` function not found in crate `tests`
[INFO] [stdout]   --> examples/tests.rs:22:2
[INFO] [stdout]    |
[INFO] [stdout] 22 | }
[INFO] [stdout]    |  ^ consider adding a `main` function to `examples/tests.rs`
[INFO] [stdout] 
[INFO] [stdout] 
[INFO] [stdout] error: aborting due to previous error
[INFO] [stdout] 
[INFO] [stdout] 
[INFO] [stdout] For more information about this error, try `rustc --explain E0601`.
[INFO] [stdout] 
[INFO] [stdout] error[E0601]: `main` function not found in crate `completion`
[INFO] [stdout]  --> examples/completion.rs:4:2
[INFO] [stdout]   |
[INFO] [stdout] 4 | }
[INFO] [stdout]   |  ^ consider adding a `main` function to `examples/completion.rs`
[INFO] [stdout] 
[INFO] [stdout] 
[INFO] [stderr] error: could not compile `rust-leaflet-features` (example "tests") due to 2 previous errors
[INFO] [stderr] warning: build failed, waiting for other jobs to finish...
[INFO] [stdout] error[E0433]: failed to resolve: use of undeclared type `Arc`
[INFO] [stdout]  --> examples/quick_fixes.rs:5:19
[INFO] [stdout]   |
[INFO] [stdout] 5 |     let counter = Arc::new(Mutex::new(0));
[INFO] [stdout]   |                   ^^^ use of undeclared type `Arc`
[INFO] [stdout]   |
[INFO] [stdout] help: consider importing this struct
[INFO] [stdout]   |
[INFO] [stdout] 1 + use std::sync::Arc;
[INFO] [stdout]   |
[INFO] [stdout] 
[INFO] [stdout] 
[INFO] [stdout] error[E0609]: no field `ma` on type `std::str::Lines<'_>`
[INFO] [stdout]  --> examples/completion.rs:3:15
[INFO] [stdout]   |
[INFO] [stdout] 3 |     s.lines().ma
[INFO] [stdout]   |               ^^ unknown field
[INFO] [stdout] 
[INFO] [stdout] 
[INFO] [stdout] error: cannot find type `table` in this scope
[INFO] [stdout]   --> examples/macro_expansion.rs:14:1
[INFO] [stdout]    |
[INFO] [stdout] 14 | / table! {
[INFO] [stdout] 15 | |     followings (user_id, post_id) {
[INFO] [stdout] 16 | |         user_id -> Integer,
[INFO] [stdout] 17 | |         post_id -> Integer,
[INFO] [stdout] 18 | |         favorited -> Bool,
[INFO] [stdout] 19 | |     }
[INFO] [stdout] 20 | | }
[INFO] [stdout]    | |_^ names from parent modules are not accessible without an explicit import
[INFO] [stdout]    |
[INFO] [stdout]    = warning: this was previously accepted by the compiler but is being phased out; it will become a hard error in a future release!
[INFO] [stdout]    = note: for more information, see issue #83583 <https://github.com/rust-lang/rust/issues/83583>
[INFO] [stdout]    = note: `#[deny(proc_macro_derive_resolution_fallback)]` on by default
[INFO] [stdout]    = note: this error originates in the derive macro `QueryId` which comes from the expansion of the macro `table` (in Nightly builds, run with -Z macro-backtrace for more info)
[INFO] [stdout] 
[INFO] [stdout] 
[INFO] [stdout] error[E0046]: not all trait items implemented, missing: `from`
[INFO] [stdout]   --> examples/quick_fixes.rs:17:1
[INFO] [stdout]    |
[INFO] [stdout] 17 | impl From<(i32, i32)> for Point {
[INFO] [stdout]    | ^^^^^^^^^^^^^^^^^^^^^^^^^^^^^^^ missing `from` in implementation
[INFO] [stdout]    |
[INFO] [stdout]    = help: implement the missing item: `fn from(_: (i32, i32)) -> Self { todo!() }`
[INFO] [stdout] 
[INFO] [stdout] 
[INFO] [stdout] warning: variable does not need to be mutable
[INFO] [stdout]  --> examples/debug.rs:4:9
[INFO] [stdout]   |
[INFO] [stdout] 4 |     let mut v = parse_users("
[INFO] [stdout]   |         ----^
[INFO] [stdout]   |         |
[INFO] [stdout]   |         help: remove this `mut`
[INFO] [stdout]   |
[INFO] [stdout]   = note: `#[warn(unused_mut)]` on by default
[INFO] [stdout] 
[INFO] [stdout] 
[INFO] [stdout] error: aborting due to 2 previous errors
[INFO] [stdout] 
[INFO] [stdout] 
[INFO] [stdout] Some errors have detailed explanations: E0601, E0609.
[INFO] [stdout] 
[INFO] [stdout] For more information about an error, try `rustc --explain E0601`.
[INFO] [stdout] 
[INFO] [stdout] error: cannot find type `user_id` in this scope
[INFO] [stdout]   --> examples/macro_expansion.rs:14:1
[INFO] [stdout]    |
[INFO] [stdout] 14 | / table! {
[INFO] [stdout] 15 | |     followings (user_id, post_id) {
[INFO] [stdout] 16 | |         user_id -> Integer,
[INFO] [stdout] 17 | |         post_id -> Integer,
[INFO] [stdout] 18 | |         favorited -> Bool,
[INFO] [stdout] 19 | |     }
[INFO] [stdout] 20 | | }
[INFO] [stdout]    | |_^ names from parent modules are not accessible without an explicit import
[INFO] [stdout]    |
[INFO] [stdout]    = warning: this was previously accepted by the compiler but is being phased out; it will become a hard error in a future release!
[INFO] [stdout]    = note: for more information, see issue #83583 <https://github.com/rust-lang/rust/issues/83583>
[INFO] [stdout]    = note: this error originates in the derive macro `QueryId` which comes from the expansion of the macro `table` (in Nightly builds, run with -Z macro-backtrace for more info)
[INFO] [stdout] 
[INFO] [stdout] 
[INFO] [stdout] error: cannot find type `post_id` in this scope
[INFO] [stdout]   --> examples/macro_expansion.rs:14:1
[INFO] [stdout]    |
[INFO] [stdout] 14 | / table! {
[INFO] [stdout] 15 | |     followings (user_id, post_id) {
[INFO] [stdout] 16 | |         user_id -> Integer,
[INFO] [stdout] 17 | |         post_id -> Integer,
[INFO] [stdout] 18 | |         favorited -> Bool,
[INFO] [stdout] 19 | |     }
[INFO] [stdout] 20 | | }
[INFO] [stdout]    | |_^ names from parent modules are not accessible without an explicit import
[INFO] [stdout]    |
[INFO] [stdout]    = warning: this was previously accepted by the compiler but is being phased out; it will become a hard error in a future release!
[INFO] [stdout]    = note: for more information, see issue #83583 <https://github.com/rust-lang/rust/issues/83583>
[INFO] [stdout]    = note: this error originates in the derive macro `QueryId` which comes from the expansion of the macro `table` (in Nightly builds, run with -Z macro-backtrace for more info)
[INFO] [stdout] 
[INFO] [stdout] 
[INFO] [stdout] error: cannot find type `favorited` in this scope
[INFO] [stdout]   --> examples/macro_expansion.rs:14:1
[INFO] [stdout]    |
[INFO] [stdout] 14 | / table! {
[INFO] [stdout] 15 | |     followings (user_id, post_id) {
[INFO] [stdout] 16 | |         user_id -> Integer,
[INFO] [stdout] 17 | |         post_id -> Integer,
[INFO] [stdout] 18 | |         favorited -> Bool,
[INFO] [stdout] 19 | |     }
[INFO] [stdout] 20 | | }
[INFO] [stdout]    | |_^ names from parent modules are not accessible without an explicit import
[INFO] [stdout]    |
[INFO] [stdout]    = warning: this was previously accepted by the compiler but is being phased out; it will become a hard error in a future release!
[INFO] [stdout]    = note: for more information, see issue #83583 <https://github.com/rust-lang/rust/issues/83583>
[INFO] [stdout]    = note: this error originates in the derive macro `QueryId` which comes from the expansion of the macro `table` (in Nightly builds, run with -Z macro-backtrace for more info)
[INFO] [stdout] 
[INFO] [stdout] 
[INFO] [stdout] error: aborting due to 2 previous errors
[INFO] [stdout] 
[INFO] [stdout] 
[INFO] [stdout] Some errors have detailed explanations: E0046, E0433.
[INFO] [stdout] 
[INFO] [stdout] For more information about an error, try `rustc --explain E0046`.
[INFO] [stdout] 
[INFO] [stdout] warning: fields `name` and `surname` are never read
[INFO] [stdout]   --> examples/debug.rs:24:5
[INFO] [stdout]    |
[INFO] [stdout] 23 | struct User {
[INFO] [stdout]    |        ---- fields in this struct
[INFO] [stdout] 24 |     name: String,
[INFO] [stdout]    |     ^^^^
[INFO] [stdout] 25 |     surname: String,
[INFO] [stdout]    |     ^^^^^^^
[INFO] [stdout]    |
[INFO] [stdout]    = note: `User` has a derived impl for the trait `Debug`, but this is intentionally ignored during dead code analysis
[INFO] [stdout]    = note: `#[warn(dead_code)]` on by default
[INFO] [stdout] 
[INFO] [stdout] 
[INFO] [stderr] error: could not compile `rust-leaflet-features` (example "completion") due to 3 previous errors
[INFO] [stderr] error: could not compile `rust-leaflet-features` (example "quick_fixes") due to 3 previous errors
[INFO] [stdout] warning: 2 warnings emitted
[INFO] [stdout] 
[INFO] [stdout] 
[INFO] [stdout] error: aborting due to 4 previous errors
[INFO] [stdout] 
[INFO] [stdout] 
[INFO] [stderr] error: could not compile `rust-leaflet-features` (example "macro_expansion") due to 13 previous errors
[INFO] running `Command { std: "docker" "inspect" "3b6d212ebbfd55f16b94a5798e9f0ac5d06fa4d500185af248f8f83795714cdb", kill_on_drop: false }`
[INFO] running `Command { std: "docker" "rm" "-f" "3b6d212ebbfd55f16b94a5798e9f0ac5d06fa4d500185af248f8f83795714cdb", kill_on_drop: false }`
[INFO] [stdout] 3b6d212ebbfd55f16b94a5798e9f0ac5d06fa4d500185af248f8f83795714cdb
